?
5
What is the hundred thousands digit of 1520106?
5
What is the tens digit of 25288?
8
What is the tens digit of 1683284?
8
What is the tens digit of 2701296?
9
What is the millions digit of 1361261?
1
What is the ten thousands digit of 19339570?
3
What is the units digit of 72107?
7
What is the hundred thousands digit of 122197?
1
What is the thousands digit of 938204?
8
What is the millions digit of 1352620?
1
What is the hundred thousands digit of 204695?
2
What is the hundreds digit of 4377039?
0
What is the ten thousands digit of 13761759?
6
What is the tens digit of 893783?
8
What is the ten thousands digit of 202904?
0
What is the thousands digit of 117004?
7
What is the hundreds digit of 752565?
5
What is the hundreds digit of 988661?
6
What is the thousands digit of 10168949?
8
What is the tens digit of 12836826?
2
What is the ten thousands digit of 823310?
2
What is the tens digit of 2829352?
5
What is the units digit of 99789?
9
What is the tens digit of 167029?
2
What is the tens digit of 9165508?
0
What is the ten thousands digit of 31645601?
4
What is the thousands digit of 22094?
2
What is the ten thousands digit of 9585635?
8
What is the hundred thousands digit of 28953291?
9
What is the hundreds digit of 3556218?
2
What is the ten thousands digit of 620536?
2
What is the tens digit of 484?
8
What is the tens digit of 142321?
2
What is the ten thousands digit of 3028793?
2
What is the tens digit of 1579628?
2
What is the tens digit of 51336?
3
What is the tens digit of 29902865?
6
What is the hundred thousands digit of 187941?
1
What is the tens digit of 2744076?
7
What is the millions digit of 17965052?
7
What is the hundreds digit of 1293843?
8
What is the units digit of 472069?
9
What is the tens digit of 2327120?
2
What is the hundreds digit of 4502238?
2
What is the thousands digit of 4734599?
4
What is the units digit of 310581?
1
What is the ten thousands digit of 1239581?
3
What is the hundred thousands digit of 11231701?
2
What is the hundreds digit of 6592680?
6
What is the hundreds digit of 4405778?
7
What is the millions digit of 12956550?
2
What is the thousands digit of 2988451?
8
What is the units digit of 784041?
1
What is the thousands digit of 1435?
1
What is the units digit of 496249?
9
What is the millions digit of 13162004?
3
What is the units digit of 1535678?
8
What is the millions digit of 1462748?
1
What is the ten thousands digit of 406023?
0
What is the units digit of 3510066?
6
What is the millions digit of 4306916?
4
What is the thousands digit of 9915596?
5
What is the thousands digit of 10764267?
4
What is the millions digit of 2065246?
2
What is the thousands digit of 113974?
3
What is the millions digit of 1797942?
1
What is the hundreds digit of 2144890?
8
What is the thousands digit of 6038330?
8
What is the millions digit of 3758901?
3
What is the thousands digit of 191174?
1
What is the ten thousands digit of 6378238?
7
What is the units digit of 4218820?
0
What is the thousands digit of 374085?
4
What is the hundred thousands digit of 482484?
4
What is the ten thousands digit of 485564?
8
What is the hundreds digit of 2202916?
9
What is the units digit of 613081?
1
What is the thousands digit of 13057521?
7
What is the ten thousands digit of 3751898?
5
What is the units digit of 3828298?
8
What is the units digit of 37523?
3
What is the thousands digit of 1657573?
7
What is the units digit of 2660545?
5
What is the tens digit of 716526?
2
What is the thousands digit of 723397?
3
What is the thousands digit of 1146081?
6
What is the millions digit of 5703839?
5
What is the hundreds digit of 135892?
8
What is the units digit of 242819?
9
What is the tens digit of 82612?
1
What is the thousands digit of 296610?
6
What is the units digit of 11754104?
4
What is the millions digit of 1308534?
1
What is the thousands digit of 664302?
4
What is the hundred thousands digit of 5437370?
4
What is the hundreds digit of 1105522?
5
What is the millions digit of 12501039?
2
What is the thousands digit of 3975409?
5
What is the tens digit of 5408124?
2
What is the tens digit of 2028613?
1
What is the units digit of 333058?
8
What is the units digit of 5254763?
3
What is the thousands digit of 64309?
4
What is the hundreds digit of 2478748?
7
What is the hundreds digit of 7122917?
9
What is the units digit of 265944?
4
What is the hundred thousands digit of 3808407?
8
What is the thousands digit of 721175?
1
What is the tens digit of 11010146?
4
What is the tens digit of 6040255?
5
What is the tens digit of 12092572?
7
What is the units digit of 9080773?
3
What is the tens digit of 5284994?
9
What is the hundreds digit of 2456869?
8
What is the thousands digit of 834886?
4
What is the thousands digit of 9958075?
8
What is the hundreds digit of 8016780?
7
What is the units digit of 3483839?
9
What is the hundred thousands digit of 299091?
2
What is the ten millions digit of 13588295?
1
What is the thousands digit of 207465?
7
What is the units digit of 148695?
5
What is the units digit of 2356011?
1
What is the tens digit of 17504?
0
What is the hundreds digit of 164948?
9
What is the hundreds digit of 256728?
7
What is the hundred thousands digit of 8634237?
6
What is the units digit of 3147191?
1
What is the tens digit of 341492?
9
What is the hundreds digit of 3743422?
4
What is the tens digit of 260624?
2
What is the units digit of 181768?
8
What is the thousands digit of 4186327?
6
What is the ten thousands digit of 378836?
7
What is the hundreds digit of 71885?
8
What is the thousands digit of 95336?
5
What is the ten thousands digit of 254055?
5
What is the thousands digit of 206512?
6
What is the ten thousands digit of 1183541?
8
What is the thousands digit of 241728?
1
What is the millions digit of 4986700?
4
What is the hundred thousands digit of 1715269?
7
What is the ten thousands digit of 1681570?
8
What is the units digit of 100797?
7
What is the thousands digit of 399936?
9
What is the ten thousands digit of 5727415?
2
What is the hundred thousands digit of 4928477?
9
What is the hundreds digit of 1927?
9
What is the tens digit of 103169?
6
What is the tens digit of 699146?
4
What is the tens digit of 3062994?
9
What is the units digit of 135683?
3
What is the tens digit of 3786279?
7
What is the hundred thousands digit of 275653?
2
What is the ten thousands digit of 29227?
2
What is the hundred thousands digit of 9894677?
8
What is the ten thousands digit of 143882?
4
What is the hundreds digit of 9211702?
7
What is the units digit of 195473?
3
What is the millions digit of 3220415?
3
What is the thousands digit of 1454995?
4
What is the ten thousands digit of 992663?
9
What is the thousands digit of 19815116?
5
What is the ten thousands digit of 242504?
4
What is the hundred thousands digit of 1780117?
7
What is the thousands digit of 318393?
8
What is the ten millions digit of 30468284?
3
What is the units digit of 6720901?
1
What is the millions digit of 6292921?
6
What is the units digit of 901974?
4
What is the units digit of 88008?
8
What is the tens digit of 115940?
4
What is the hundred thousands digit of 2854387?
8
What is the hundreds digit of 328587?
5
What is the ten thousands digit of 200951?
0
What is the thousands digit of 2763558?
3
What is the millions digit of 1312956?
1
What is the millions digit of 6533002?
6
What is the ten thousands digit of 367695?
6
What is the tens digit of 2274548?
4
What is the millions digit of 6063125?
6
What is the millions digit of 3975308?
3
What is the units digit of 3076111?
1
What is the ten thousands digit of 19346662?
4
What is the ten thousands digit of 21213?
2
What is the ten thousands digit of 11348649?
4
What is the hundred thousands digit of 614439?
6
What is the ten thousands digit of 9333580?
3
What is the thousands digit of 417577?
7
What is the ten thousands digit of 551516?
5
What is the thousands digit of 159781?
9
What is the hundreds digit of 132061?
0
What is the units digit of 1821043?
3
What is the tens digit of 446261?
6
What is the ten thousands digit of 388295?
8
What is the units digit of 114625?
5
What is the hundreds digit of 197459?
4
What is the hundred thousands digit of 771546?
7
What is the hundreds digit